{"id":1171,"date":"2018-02-27T23:10:57","date_gmt":"2018-02-27T23:10:57","guid":{"rendered":"https:\/\/mdclinica.com\/mdclinica\/?page_id=1171"},"modified":"2024-07-31T09:47:32","modified_gmt":"2024-07-31T08:47:32","slug":"halitose","status":"publish","type":"page","link":"https:\/\/mdclinica.com\/mdclinica\/especialidades\/bem-estar\/halitose\/","title":{"rendered":"Consulta do H\u00e1lito"},"content":{"rendered":"<p style=\"font-family:HelveticaNeueLTStd-Bd; font-size:23px; line-height:25.3px; letter-spacing:1px; color:#a58da2;\">A MD Cl\u00ednica conta com um dos especialistas de maior prest\u00edgio europeu no estudo da Halitose, e serve-se de tecnologia \u00edmpar no diagn\u00f3stico: aparelhos de an\u00e1lise ao h\u00e1lito (cromat\u00f3grafos gasosos e biosniffing ou &#8220;nariz eletr\u00f3nico&#8221;) e an\u00e1lise microbiol\u00f3gica atrav\u00e9s do ADN bacteriano.<\/p>\n<p><\/p>\n<p>&nbsp;<\/p>\n<p>Na<strong> MD Cl\u00ednica<\/strong> somos conscientes do impacto que a Halitose pode provocar na qualidade de vida de uma pessoa. Por este motivo, estabelecemos esta consulta por interm\u00e9dio do Instituto del Aliento, centro pioneiro no estudo, diagn\u00f3stico e tratamento da Halitose com mais de 9000 pacientes em 90 pa\u00edses.<\/p>\n<p><\/p>\n<p>&nbsp;<\/p>\n<h2>Dr. Jonas Nunes: prest\u00edgio e garantia de qualidade<\/h2>\n<p>A Consulta da Halitose \u00e9 dirigida por o Prof. Doutor Jonas Nunes, cl\u00ednico, investigador &nbsp;e diretor do Instituto del Aliento a n\u00edvel internacional, e da Unidade de Halitose do Hospital Teknon em Barcelona.<\/p>\n<p><\/p>\n<p>&nbsp;<\/p>\n<h3>A Consulta do H\u00e1lito pode ajudar-me?<\/h3>\n<p>A nossa Consulta do H\u00e1lito destina-se principalmente a pessoas com Halitose que:<\/p>\n<ul>\n<li>J\u00e1 possuem uma correta higiene oral\/utilizaram v\u00e1rios elixires, usam fio dent\u00e1rio e limpam a l\u00edngua regularmente<\/li>\n<li>Consultam anualmente o dentista, que j\u00e1 analisou e verificou como saud\u00e1veis a boca\/dentes\/gengiva do paciente<\/li>\n<li>N\u00e3o comem de forma regular alho, cebola ou outros alimentos com cheiro intenso<\/li>\n<li>Aparentemente n\u00e3o padecem de qualquer doen\u00e7a que justifique a altera\u00e7\u00e3o do h\u00e1lito.<\/li>\n<\/ul>\n<p>Tamb\u00e9m tratamos outros sinais ou sintomas associados com o mau h\u00e1lito, como a boca seca, mau sabor de boca, saburra lingual, ardor de boca, c\u00e1lculos\/caseos amigdalinos, rinorreia posterior, entre outros.<\/p>\n<p><\/p>\n<p>&nbsp;<\/p>\n<h4>A import\u00e2ncia de um diagn\u00f3stico acertado<\/h4>\n<p>N\u00e3o existe um tratamento ou rem\u00e9dio universal para o mau h\u00e1lito. A explica\u00e7\u00e3o \u00e9 que existem mais de 80 causas respons\u00e1veis pela Halitose patol\u00f3gica, e cada uma requer um tratamento espec\u00edfico\/individualizado.<\/p>\n<p>Se n\u00e3o se determina a causa exata da Halitose, o tratamento ter\u00e1 uma baixa probabilidade de sucesso. Por este motivo, a Consulta do H\u00e1lito na <strong>MD Cl\u00ednica<\/strong> aborda o problema na sua origem, e utiliza o protocolo HCP Arthyaga para diagnosticar a causa exacta do mau h\u00e1lito.<\/p>\n<p><\/p>\n<p>&nbsp;<\/p>\n<h4>A taxa de \u00eaxito mais elevada<\/h4>\n<p>Em geral, a elimina\u00e7\u00e3o do mau h\u00e1lito pode ser verificada por um confidente (pessoa de confian\u00e7a) aos 3-4 dias ap\u00f3s iniciar o tratamento, e a cura alcan\u00e7ada atrav\u00e9s do protocolo m\u00e9dico utilizado pelo Dr. Jonas Nunes obteve uma percentagem de \u00eaxito superior a 97%.<\/p>\n<p><\/p>\n<p>&nbsp;<\/p>\n<h4>Consultas<\/h4>\n<p>Para o diagn\u00f3stico e tratamento do mau h\u00e1lito, a maioria dos pacientes precisa de 4 consultas com uma dura\u00e7\u00e3o m\u00e9dia de 20-30 minutos cada:<\/p>\n<p style=\"padding-left: 30px;\"><strong>1.\u00aa CONSULTA: COLHEITA DE AMOSTRAS E DADOS M\u00c9DICOS (denominado \u201cEstudo do H\u00e1lito\u201d)<\/strong><br>Na primeira consulta s\u00e3o feitas as colheitas das amostras biol\u00f3gicas: bact\u00e9rias, saliva e h\u00e1lito (ar expirado), e recolha da informa\u00e7\u00e3o m\u00e9dica do paciente que pode influenciar o estado do h\u00e1lito.<\/p>\n<p style=\"padding-left: 30px;\">\u00c9 importante vir a esta consulta sem ter comido, bebido ou realizado procedimentos de higiene oral nas duas horas anteriores \u00e0 consulta. As amostras ser\u00e3o enviadas a um laborat\u00f3rio especializado em Barcelona para identificar os gases ou subst\u00e2ncias que produzem o mau odor e as suas origens. Estas an\u00e1lises, conjuntamente com os dados m\u00e9dicos, servem para determinar a causa do problema.<\/p>\n<p><\/p>\n<p style=\"padding-left: 30px;\"><strong>2.\u00aa CONSULTA: IN\u00cdCIO DO TRATAMENTO<\/strong><br>Tr\u00eas semanas ap\u00f3s a primeira consulta j\u00e1 existem condi\u00e7\u00f5es de prescrever o tratamento mais adequado para o seu caso de Halitose.<\/p>\n<p style=\"padding-left: 30px;\">Na maior parte dos casos, o tratamento durar\u00e1 um per\u00edodo de tempo reduzido, geralmente suportado na toma de f\u00e1rmacos prescritos pelo Dr. Nunes. Naqueles casos em que seja necess\u00e1rio um tratamento ou cirurgia complementar (origem rinosinusal, amigdalina, g\u00e1strica, etc.) proporcionaremos o diagn\u00f3stico e o plano de tratamento para que realize este \u00faltimo com um profissional\/centro da sua conveni\u00eancia (conv\u00e9nio, seguro ou sistema Nacional de Sa\u00fade).<\/p>\n<p><\/p>\n<p style=\"padding-left: 30px;\"><strong>3.\u00aa CONSULTA: PRIMEIRO CONTROLO<\/strong><br>Um m\u00eas ap\u00f3s o in\u00edcio do tratamento efetuaremos um primeiro controlo para confirmar o \u00eaxito do tratamento e estabelecer, caso seja necess\u00e1rio, eventuais ajustes do mesmo.<\/p>\n<p><\/p>\n<p style=\"padding-left: 30px;\"><strong>4.\u00aa CONSULTA: SEGUNDO CONTROLO<\/strong><br>Tr\u00eas meses depois realizaremos uma segunda consulta de controlo para confirmar a elimina\u00e7\u00e3o permanente da Halitose, emitir a alta e entregar as pautas finais de manuten\u00e7\u00e3o.<\/p>\n<p><\/p>\n<p>&nbsp;<\/p>\n<h4>Possibilidade de contacto inicial sem compromisso<\/h4>\n<p>Devido ao car\u00e1cter inovador desta consulta em Portugal, proporcionamos aos interessados &#8211; que necessitem de esclarecimentos adicionais &#8211; a possibilidade de um breve contacto com o Dr. Jonas Nunes, sem custo.<\/p>\n<p><\/p>\n<p>&nbsp;<\/p>\n\n\n<div class=\"wp-block-buttons\">\n<div class=\"wp-block-button\"><a class=\"wp-block-button__link has-background\" href=\"https:\/\/mdclinica.com\/mdclinica\/contactos\/\" style=\"background-color:#72586f\">MARCAR CONSULTA<\/a><\/div>\n<\/div>\n","protected":false},"excerpt":{"rendered":"<p>A MD Cl\u00ednica conta com um dos especialistas de maior prest\u00edgio europeu no estudo da Halitose, e serve-se de tecnologia \u00edmpar no diagn\u00f3stico: aparelhos de an\u00e1lise ao h\u00e1lito (cromat\u00f3grafos gasosos e biosniffing ou &#8220;nariz eletr\u00f3nico&#8221;) e an\u00e1lise microbiol\u00f3gica atrav\u00e9s do ADN bacteriano. &nbsp; Na MD Cl\u00ednica somos conscientes do impacto que a Halitose pode provocar [&hellip;]<\/p>\n","protected":false},"author":6,"featured_media":4845,"parent":4406,"menu_order":19,"comment_status":"closed","ping_status":"closed","template":"page-templates\/especialidades-subpagina.php","meta":[],"_links":{"self":[{"href":"https:\/\/mdclinica.com\/mdclinica\/wp-json\/wp\/v2\/pages\/1171"}],"collection":[{"href":"https:\/\/mdclinica.com\/mdclinica\/wp-json\/wp\/v2\/pages"}],"about":[{"href":"https:\/\/mdclinica.com\/mdclinica\/wp-json\/wp\/v2\/types\/page"}],"author":[{"embeddable":true,"href":"https:\/\/mdclinica.com\/mdclinica\/wp-json\/wp\/v2\/users\/6"}],"replies":[{"embeddable":true,"href":"https:\/\/mdclinica.com\/mdclinica\/wp-json\/wp\/v2\/comments?post=1171"}],"version-history":[{"count":23,"href":"https:\/\/mdclinica.com\/mdclinica\/wp-json\/wp\/v2\/pages\/1171\/revisions"}],"predecessor-version":[{"id":9615,"href":"https:\/\/mdclinica.com\/mdclinica\/wp-json\/wp\/v2\/pages\/1171\/revisions\/9615"}],"up":[{"embeddable":true,"href":"https:\/\/mdclinica.com\/mdclinica\/wp-json\/wp\/v2\/pages\/4406"}],"wp:featuredmedia":[{"embeddable":true,"href":"https:\/\/mdclinica.com\/mdclinica\/wp-json\/wp\/v2\/media\/4845"}],"wp:attachment":[{"href":"https:\/\/mdclinica.com\/mdclinica\/wp-json\/wp\/v2\/media?parent=1171"}],"curies":[{"name":"wp","href":"https:\/\/api.w.org\/{rel}","templated":true}]}}