{"id":1175,"date":"2018-02-27T23:12:20","date_gmt":"2018-02-27T23:12:20","guid":{"rendered":"https:\/\/mdclinica.com\/mdclinica\/?page_id=1175"},"modified":"2024-07-04T14:35:10","modified_gmt":"2024-07-04T13:35:10","slug":"terapia-da-fala","status":"publish","type":"page","link":"https:\/\/mdclinica.com\/mdclinica\/especialidades\/bem-estar\/terapia-da-fala\/","title":{"rendered":"Terapia da Fala"},"content":{"rendered":"<h4>Porque a forma como comunicamos tem um impacto direto e transversal nas nossas vidas, a <strong>MD Cl\u00ednica<\/strong> apresenta-lhe a especialidade Terapia da Fala.<\/h4>\n<p style=\"text-align: justify;\">A Terapia da Fala permite uma avalia\u00e7\u00e3o, interven\u00e7\u00e3o e estudo cient\u00edfico das perturba\u00e7\u00f5es inerentes \u00e0 comunica\u00e7\u00e3o humana, associadas \u00e0 compreens\u00e3o e express\u00e3o da linguagem oral e escrita, ou outras formas de comunica\u00e7\u00e3o.<\/p>\n<p>Ministrado pela Dra. In\u00eas Mendes, este tratamento desenvolve processos interventivos com os pacientes ao n\u00edvel da fala (articula\u00e7\u00e3o, flu\u00eancia, resson\u00e2ncia, voz e respira\u00e7\u00e3o), linguagem (compreens\u00e3o e express\u00e3o da linguagem oral, escrita, gr\u00e1fica e gestual), comunica\u00e7\u00e3o verbal e n\u00e3o-verbal, degluti\u00e7\u00e3o, alimenta\u00e7\u00e3o, motricidade, sensibilidade orofacial, ortodontia, est\u00e9tica e preven\u00e7\u00e3o do envelhecimento, entre outras.<\/p>\n<h4 style=\"text-align: justify;\">\u00a0<\/h4>\n<h6>Fun\u00e7\u00f5es de um Terapeuta da Fala<\/h6>\n<p>O Terapeuta da Fala \u00e9 o profissional respons\u00e1vel pela preven\u00e7\u00e3o, avalia\u00e7\u00e3o, diagn\u00f3stico, tratamento e estudo cient\u00edfico da comunica\u00e7\u00e3o humana e perturba\u00e7\u00f5es relacionadas ao n\u00edvel da fala e da linguagem, bem como altera\u00e7\u00f5es relacionadas com as fun\u00e7\u00f5es auditiva, visual, cognitiva, oro-muscular, respira\u00e7\u00e3o, degluti\u00e7\u00e3o e voz.<\/p>\n<p>No decorrer desta atividade, o Terapeuta da Fala avalia e interv\u00e9m em indiv\u00edduos de todas as idades, desde rec\u00e9m-nascidos a idosos, tendo por objetivo geral otimizar as capacidades nas seguintes \u00e1reas:<\/p>\n<ul>\n<li>Comunica\u00e7\u00e3o verbal e n\u00e3o verbal;<\/li>\n<li>Linguagem oral e escrita;<\/li>\n<li>Fala e articula\u00e7\u00e3o;<\/li>\n<li>Leitura e escrita;<\/li>\n<li>Voz e flu\u00eancia;<\/li>\n<li>Suc\u00e7\u00e3o, Respira\u00e7\u00e3o, Degluti\u00e7\u00e3o e mastiga\u00e7\u00e3o;<\/li>\n<li>Motricidade orofacial.<\/li>\n<\/ul>\n<p>Simultaneamente, desempenha um papel importante na consciencializa\u00e7\u00e3o e mudan\u00e7a de comportamentos do paciente, tornando-o ativo e colaborante para a resolu\u00e7\u00e3o do seu problema.<\/p>\n<h6>Qual \u00e9 o papel do Terapeuta da Fala na Medicina Dent\u00e1ria?<\/h6>\n<p>A sua interven\u00e7\u00e3o na Medicina Dent\u00e1ria \u00e9 necess\u00e1ria quando os pacientes apresentam altera\u00e7\u00f5es ao n\u00edvel da oclus\u00e3o dent\u00e1ria, tipologia facial associada a perturba\u00e7\u00f5es da musculatura e h\u00e1bitos parafuncionais.\u00a0Assim, interv\u00e9m, essencialmente, nas seguintes \u00e1reas:<\/p>\n<h6>1.\u00a0Odontopediatria:<\/h6>\n<p>Diagn\u00f3stico precoce e tratamento atempado de diversas perturba\u00e7\u00f5es das fun\u00e7\u00f5es do sistema estomatogn\u00e1tico, como a suc\u00e7\u00e3o, mastiga\u00e7\u00e3o, degluti\u00e7\u00e3o, respira\u00e7\u00e3o e fona\u00e7\u00e3o.<\/p>\n<h6>2.\u00a0Ortodontia e Ortopedia Funcional dos Maxilares:<\/h6>\n<p>O trabalho conjunto do terapeuta da fala com o dentista \u00e9 essencial para alcan\u00e7ar, junto de pessoas de qualquer faixa et\u00e1ria e no menor tempo poss\u00edvel, resultados est\u00e9ticos e funcionais est\u00e1veis, evitando recidivas por altera\u00e7\u00f5es musculares ou funcionais.<\/p>\n<h6>3.\u00a0Prostodontia\/ Implatologia\/ Reabilita\u00e7\u00e3o oral:<\/h6>\n<p>O terapeuta da fala avalia e interv\u00e9m nos desequil\u00edbrios musculares e funcionais, que interferem frequentemente de forma negativa nos tratamentos realizados, mantendo a harmonia da oclus\u00e3o e corrigindo padr\u00f5es adaptativos persistentes.<\/p>\n<h6>4. Oclus\u00e3o e disfun\u00e7\u00e3o temporo-mandibular:<\/h6>\n<p>Atua\u00e7\u00e3o ao n\u00edvel da motricidade orofacial, tendo como objetivo adequar a tonicidade e a mobilidade, modificando fatores preponderantes para a sintomatologia associada a esta disfun\u00e7\u00e3o.<\/p>\n<p>A <strong>MD Cl\u00ednica<\/strong>, zelando pela sua sa\u00fade e bem-estar, disponibiliza-lhe estes diferentes tratamentos de Terapia da Fala com vista a uma comunica\u00e7\u00e3o mais natural e eficaz.<\/p>\n<p>\u00a0<\/p>\n\n\n<div style=\"height:40px\" aria-hidden=\"true\" class=\"wp-block-spacer\"><\/div>\n\n\n\n<div class=\"wp-block-buttons\">\n<div class=\"wp-block-button\"><a class=\"wp-block-button__link has-background\" href=\"https:\/\/mdclinica.com\/mdclinica\/contactos\/\" style=\"background-color:#72586f\">MARCAR CONSULTA<\/a><\/div>\n<\/div>\n\n\n\n<p><\/p>\n","protected":false},"excerpt":{"rendered":"<p>Porque a forma como comunicamos tem um impacto direto e transversal nas nossas vidas, a MD Cl\u00ednica apresenta-lhe a especialidade Terapia da Fala. A Terapia da Fala permite uma avalia\u00e7\u00e3o, interven\u00e7\u00e3o e estudo cient\u00edfico das perturba\u00e7\u00f5es inerentes \u00e0 comunica\u00e7\u00e3o humana, associadas \u00e0 compreens\u00e3o e express\u00e3o da linguagem oral e escrita, ou outras formas de comunica\u00e7\u00e3o. [&hellip;]<\/p>\n","protected":false},"author":6,"featured_media":4761,"parent":4406,"menu_order":20,"comment_status":"closed","ping_status":"closed","template":"page-templates\/especialidades-subpagina.php","meta":[],"_links":{"self":[{"href":"https:\/\/mdclinica.com\/mdclinica\/wp-json\/wp\/v2\/pages\/1175"}],"collection":[{"href":"https:\/\/mdclinica.com\/mdclinica\/wp-json\/wp\/v2\/pages"}],"about":[{"href":"https:\/\/mdclinica.com\/mdclinica\/wp-json\/wp\/v2\/types\/page"}],"author":[{"embeddable":true,"href":"https:\/\/mdclinica.com\/mdclinica\/wp-json\/wp\/v2\/users\/6"}],"replies":[{"embeddable":true,"href":"https:\/\/mdclinica.com\/mdclinica\/wp-json\/wp\/v2\/comments?post=1175"}],"version-history":[{"count":25,"href":"https:\/\/mdclinica.com\/mdclinica\/wp-json\/wp\/v2\/pages\/1175\/revisions"}],"predecessor-version":[{"id":9571,"href":"https:\/\/mdclinica.com\/mdclinica\/wp-json\/wp\/v2\/pages\/1175\/revisions\/9571"}],"up":[{"embeddable":true,"href":"https:\/\/mdclinica.com\/mdclinica\/wp-json\/wp\/v2\/pages\/4406"}],"wp:featuredmedia":[{"embeddable":true,"href":"https:\/\/mdclinica.com\/mdclinica\/wp-json\/wp\/v2\/media\/4761"}],"wp:attachment":[{"href":"https:\/\/mdclinica.com\/mdclinica\/wp-json\/wp\/v2\/media?parent=1175"}],"curies":[{"name":"wp","href":"https:\/\/api.w.org\/{rel}","templated":true}]}}