{"id":12,"date":"2016-11-29T17:22:33","date_gmt":"2016-11-29T17:22:33","guid":{"rendered":"https:\/\/mdclinica.com\/mdclinica\/?page_id=12"},"modified":"2019-12-06T12:09:44","modified_gmt":"2019-12-06T12:09:44","slug":"branqueamento-dentario","status":"publish","type":"page","link":"https:\/\/mdclinica.com\/mdclinica\/especialidades\/medicina-dentaria\/branqueamento-dentario\/","title":{"rendered":"Branqueamento dent\u00e1rio"},"content":{"rendered":"<h4 style=\"text-align: justify;\">Para melhorar a apar\u00eancia e expectativas dos pacientes, tendo por base um padr\u00e3o de apresenta\u00e7\u00e3o pessoal, de beleza e de sa\u00fade, a est\u00e9tica \u00e9, de facto, fundamental na sua expressividade e no seu bem-estar.<\/h4>\n<h4><span style=\"color: #ffffff;\">. &#8211;<\/span><\/h4>\n<p style=\"text-align: justify;\">O <strong>branqueamento dent\u00e1rio<\/strong> \u00e9 um procedimento simples, n\u00e3o invasivo, que muda a cor dos dentes naturais.<\/p>\n<p style=\"text-align: justify;\">\u00c9 a forma ideal para real\u00e7ar um lindo sorriso. A ingest\u00e3o de bebidas como, ch\u00e1, chocolate, caf\u00e9, refrigerantes, vinho tinto, o h\u00e1bito de fumar, o avan\u00e7o da idade ou mesmo alguns tipos de acidente pode causar o escurecimento dos dentes.<\/p>\n<p>Hoje, contamos com v\u00e1rias t\u00e9cnicas de branqueamento dent\u00e1rio que devolvem ao sorriso um aspeto mais jovem e saud\u00e1vel.<\/p>\n<p>&nbsp;<\/p>\n<h6 style=\"text-align: justify;\">Branqueamento dent\u00e1rio caseiro (ambulat\u00f3rio)<\/h6>\n<p style=\"text-align: justify;\">\u00c9 poss\u00edvel fazer este tratamento em casa utilizando goteiras e um gel branqueador em aplica\u00e7\u00f5es di\u00e1rias, com per\u00edodos que variam de uma a duas horas.<\/p>\n<p style=\"text-align: justify;\">Este branqueamento dent\u00e1rio dura em m\u00e9dia 15 dias, com \u00f3timos resultados. O inconveniente neste caso \u00e9 que o paciente precisa de evitar a ingest\u00e3o de alimentos ou bebidas de cor escura durante o per\u00edodo de tratamento.<\/p>\n<p>&nbsp;<\/p>\n<h6 style=\"text-align: justify;\">Branqueamento dent\u00e1rio de consult\u00f3rio<\/h6>\n<p style=\"text-align: justify;\">\u00c9 uma t\u00e9cnica realizada em consult\u00f3rio, com supervis\u00e3o m\u00e9dica, geralmente indicada para quem n\u00e3o pode cumprir \u00e0s exig\u00eancias do tratamento caseiro ou deseja um resultado mais r\u00e1pido. O branqueamento dent\u00e1rio \u00e9 feito com luz LED, no consult\u00f3rio.<\/p>\n<p style=\"text-align: justify;\">A sess\u00e3o tem uma dura\u00e7\u00e3o m\u00e9dia de 1 hora que pode envolver 1 a 3 aplica\u00e7\u00f5es de gel durante 15- 20 minutos, obtendo um resultado imediato e eficaz.<\/p>\n<p>&nbsp;<\/p>\n<h6 style=\"text-align: justify;\">Conjuga\u00e7\u00e3o das duas t\u00e9cnicas<\/h6>\n<p style=\"text-align: justify;\">Recentemente percebemos que obtemos melhores resultados para dentes muito escuros quando juntamos ambas as t\u00e9cnicas. Primeiramente feito com uma sess\u00e3o com LED e depois 10 dias em casa com as goteiras e o gel branqueador.<\/p>\n<p>&nbsp;<\/p>\n<p style=\"text-align: justify;\">Na <strong>MD Cl\u00ednica<\/strong>, antes de realizar um branqueamento dent\u00e1rio o paciente passa por uma consulta de diagn\u00f3stico, para avaliar a sua sa\u00fade oral e a possibilidade de realizar o tratamento est\u00e9tico.<\/p>\n<p style=\"text-align: justify;\">Se quer saber qual o tipo de tratamento mais adequado para si, na <strong>MD Cl\u00ednica<\/strong> encontrar\u00e1 profissionais especializados em <strong>branqueamento dent\u00e1rio<\/strong> com todos os meios de diagn\u00f3stico necess\u00e1rio para o tratar.<\/p>\n<p><span style=\"color: #ffffff;\">.<\/span><\/p>\n<p><span style=\"color: #ffffff;\">.<\/span><\/p>\n<p><a href=\"https:\/\/mdclinica.com\/mdclinica\/marcacao-de-consulta\/\">MARCAR CONSULTA<\/a><\/p>\n","protected":false},"excerpt":{"rendered":"<p>Para melhorar a apar\u00eancia e expectativas dos pacientes, tendo por base um padr\u00e3o de apresenta\u00e7\u00e3o pessoal, de beleza e de sa\u00fade, a est\u00e9tica \u00e9, de facto, fundamental na sua expressividade e no seu bem-estar. . &#8211; O branqueamento dent\u00e1rio \u00e9 um procedimento simples, n\u00e3o invasivo, que muda a cor dos dentes naturais. \u00c9 a forma [&hellip;]<\/p>\n","protected":false},"author":1,"featured_media":4771,"parent":4378,"menu_order":0,"comment_status":"closed","ping_status":"closed","template":"page-templates\/especialidades-subpagina.php","meta":[],"_links":{"self":[{"href":"https:\/\/mdclinica.com\/mdclinica\/wp-json\/wp\/v2\/pages\/12"}],"collection":[{"href":"https:\/\/mdclinica.com\/mdclinica\/wp-json\/wp\/v2\/pages"}],"about":[{"href":"https:\/\/mdclinica.com\/mdclinica\/wp-json\/wp\/v2\/types\/page"}],"author":[{"embeddable":true,"href":"https:\/\/mdclinica.com\/mdclinica\/wp-json\/wp\/v2\/users\/1"}],"replies":[{"embeddable":true,"href":"https:\/\/mdclinica.com\/mdclinica\/wp-json\/wp\/v2\/comments?post=12"}],"version-history":[{"count":37,"href":"https:\/\/mdclinica.com\/mdclinica\/wp-json\/wp\/v2\/pages\/12\/revisions"}],"predecessor-version":[{"id":4952,"href":"https:\/\/mdclinica.com\/mdclinica\/wp-json\/wp\/v2\/pages\/12\/revisions\/4952"}],"up":[{"embeddable":true,"href":"https:\/\/mdclinica.com\/mdclinica\/wp-json\/wp\/v2\/pages\/4378"}],"wp:featuredmedia":[{"embeddable":true,"href":"https:\/\/mdclinica.com\/mdclinica\/wp-json\/wp\/v2\/media\/4771"}],"wp:attachment":[{"href":"https:\/\/mdclinica.com\/mdclinica\/wp-json\/wp\/v2\/media?parent=12"}],"curies":[{"name":"wp","href":"https:\/\/api.w.org\/{rel}","templated":true}]}}